by 1009?
953
What is the remainder when 3606231 is divided by 2017?
1852
Calculate the remainder when 6188206 is divided by 1929.
1903
Calculate the remainder when 129512 is divided by 4317.
2
Calculate the remainder when 10485 is divided by 8495.
1990
Calculate the remainder when 1317265 is divided by 132.
37
What is the remainder when 553530 is divided by 539?
516
Calculate the remainder when 603105 is divided by 1405.
360
Calculate the remainder when 120972169 is divided by 15121519.
17
Calculate the remainder when 861746 is divided by 10257.
158
What is the remainder when 14760334 is divided by 882?
64
Calculate the remainder when 9479991 is divided by 6556.
15
What is the remainder when 7197295 is divided by 56?
7
Calculate the remainder when 395121 is divided by 19741.
301
Calculate the remainder when 47746127 is divided by 15915342.
101
Calculate the remainder when 480770 is divided by 1589.
892
What is the remainder when 1962322 is divided by 191?
179
Calculate the remainder when 586397 is divided by 10659.
152
Calculate the remainder when 294356 is divided by 703.
502
Calculate the remainder when 4176880 is divided by 455.
435
What is the remainder when 84502 is divided by 1630?
1372
What is the remainder when 98558 is divided by 32670?
548
What is the remainder when 2224632 is divided by 271?
264
What is the remainder when 8275859 is divided by 7?
4
What is the remainder when 7869760 is divided by 11?
8
Calculate the remainder when 480865 is divided by 2715.
310
Calculate the remainder when 5543283 is divided by 14.
11
What is the remainder when 1942410 is divided by 188?
182
What is the remainder when 15432644 is divided by 15432641?
3
Calculate the remainder when 170847 is divided by 170826.
21
Calculate the remainder when 28654 is divided by 11890.
4874
What is the remainder when 123019284 is divided by 12301926?
24
What is the remainder when 426581 is divided by 213164?
253
What is the remainder when 858198274 is divided by 234?
232
What is the remainder when 3201781 is divided by 1116?
1093
Calculate the remainder when 5885106 is divided by 31.
4
Calculate the remainder when 3419 is divided by 76.
75
What is the remainder when 540689 is divided by 12015?
14
What is the remainder when 117385342 is divided by 5952?
5950
Calculate the remainder when 3657207 is divided by 132.
15
What is the remainder when 109994 is divided by 2000?
1994
What is the remainder when 45346886 is divided by 4051?
4043
Calculate the remainder when 278327729 is divided by 453.
452
What is the remainder when 958526 is divided by 191682?
116
Calculate the remainder when 1491218 is divided by 743.
17
Calculate the remainder when 284911 is divided by 2063.
217
What is the remainder when 77961 is divided by 172?
45
Calculate the remainder when 796920 is divided by 49807.
8
Calculate the remainder when 988255 is divided by 1026.
217
What is the remainder when 6403152 is divided by 959?
868
What is the remainder when 2215846 is divided by 16?
6
What is the remainder when 236547 is divided by 2236?
1767
What is the remainder when 28467 is divided by 405?
117
What is the remainder when 2737308 is divided by 503?
485
What is the remainder when 107075814 is divided by 1?
0
What is the remainder when 2671682 is divided by 121440?
2
Calculate the remainder when 461283 is divided by 5542.
1297
What is the remainder when 4459098 is divided by 165151?
21
What is the remainder when 1717175 is divided by 6554?
27
What is the remainder when 6298191 is divided by 3149089?
13
Calculate the remainder when 45076 is divided by 301.
227
Calculate the remainder when 5378978 is divided by 80.
18
Calculate the remainder when 226212 is divided by 214.
14
Calculate the remainder when 24942 is divided by 1456.
190
What is the remainder when 11151171 is divided by 509?
508
What is the remainder when 702586 is divided by 10332?
10
Calculate the remainder when 200682 is divided by 40121.
77
What is the remainder when 103861 is divided by 3190?
1781
What is the remainder when 717138 is divided by 30?
18
What is the remainder when 41976 is divided by 5521?
3329
Calculate the remainder when 36744101 is divided by 4150.
1
What is the remainder when 46786 is divided by 9218?
696
What is the remainder when 7681349 is divided by 19?
10
Calculate the remainder when 151405 is divided by 62.
1
Calculate the remainder when 158062990 is divided by 39515736.
46
Calculate the remainder when 71876598 is divided by 2.
0
What is the remainder when 63757901 is divided by 6?
5
Calculate the remainder when 66384 is divided by 21656.
1416
Calculate the remainder when 113572 is divided by 11346.
112
What is the remainder when 23909 is divided by 3609?
2255
Calculate the remainder when 9712768 is divided by 1618786.
52
Calculate the remainder when 1032156 is divided by 50.
6
Calculate the remainder when 355319 is divided by 135.
134
Calculate the remainder when 4920965 is divided by 457.
446
Calculate the remainder when 2810890 is divided by 995.
15
What is the remainder when 300115 is divided by 50013?
37
What is the remainder when 167417336 is divided by 25?
11
What is the remainder when 23668340 is divided by 373?
371
Calculate the remainder when 2044852 is divided by 227203.
25
Calculate the remainder when 2245023 is divided by 412.
35
What is the remainder when 99485 is divided by 507?
113
What is the remainder when 1108836 is divided by 158304?
708
What is the remainder when 21825135 is divided by 200?
135
Calculate the remainder when 113453 is divided by 414.
17
What is the remainder when 3316314 is divided by 37?
4
What is the remainder when 1254187 is divided by 276?
43
Calculate the remainder when 163396 is divided by 8973.
1882
What is the remainder when 6763 is divided by 1445?
983
What is the remainder when 43196736 is divided by 447?
444
What is the remainder when 2762535717 is divided by 2009?
2006
What is the remainder when 16259231 is divided by 979?
978
What is the remainder when 559649 is divided by 3522?
3173
What is the remainder when 161753 is divided by 13831?
9612
What is the remainder when 11917532 is divided by 1525?
1182
Calculate the remainder when 311830 is divided by 5660.
530
What is the remainder when 61624010 is divided by 1311149?
7
Calculate the remainder when 70695 is divided by 337.
262
What is the remainder when 34441 is divided by 3510?
2851
What is the remainder when 323909 is divided by 161864?
181
Calculate the remainder when 92052 is divided by 2980.
2652
What is the remainder when 657131192 is divided by 3661?
3658
Calculate the remainder when 30670 is divided by 8025.
6595
Calculate the remainder when 4807581 is divided by 209.
163
Calculate the remainder when 71754 is divided by 9655.
4169
Calculate the remainder when 7663099 is divided by 355.
69
Calculate the remainder when 414674990 is divided by 2416.
2414
What is the remainder when 6617534 is divided by 38474?
6
What is the remainder when 224957 is divided by 65?
57
Calculate the remainder when 68031 is divided by 296.
247
What is the remainder when 39742 is divided by 3592?
230
Calculate the remainder when 30953472 is divided by 191.
12
Calculate the remainder when 23442 is divided by 807.
39
What is the remainder when 4778287 is divided by 159?
19
Calculate the remainder when 6857286 is divided by 152380.
186
Calculate the remainder when 107256 is divided by 101.
95
What is the remainder when 3193405 is divided by 123?
79
What is the remainder when 2717084 is divided by 2268?
20
What is the remainder when 6415 is divided by 2164?
2087
Calculate the remainder when 12308836 is divided by 104312.
20
Calculate the remainder when 110580176 is divided by 1144.
1136
What is the remainder when 8400447 is divided by 1945?
1937
Calculate the remainder when 33132778 is divided by 9.
7
What is the remainder when 1728235 is divided by 758?
753
What is the remainder when 1222951 is divided by 4297?
2603
Calculate the remainder when 2442178 is divided by 3804.
10
Calculate the remainder when 230182 is divided by 37812.
3310
What is the remainder when 471409 is divided by 7554?
3061
What is the remainder when 10301249 is divided by 55383?
11
Calculate the remainder when 2214183 is divided by 648.
615
What is the remaind